[INFO] fetching crate poly1305 0.6.0...
[INFO] checking poly1305-0.6.0 against master#cfbc6d4cf1acbac5c025acf8ed68929caa551df3 for pr-75494-beta
[INFO] extracting crate poly1305 0.6.0 into /workspace/builds/worker-5/source
[INFO] validating manifest of crates.io crate poly1305 0.6.0 on toolchain cfbc6d4cf1acbac5c025acf8ed68929caa551df3
[INFO] running `Command { std: "/workspace/cargo-home/bin/cargo" "+cfbc6d4cf1acbac5c025acf8ed68929caa551df3" "read-manifest" "--manifest-path" "Cargo.toml", kill_on_drop: false }`
[INFO] started tweaking crates.io crate poly1305 0.6.0
[INFO] finished tweaking crates.io crate poly1305 0.6.0
[INFO] tweaked toml for crates.io crate poly1305 0.6.0 written to /workspace/builds/worker-5/source/Cargo.toml
[INFO] running `Command { std: "/workspace/cargo-home/bin/cargo" "+cfbc6d4cf1acbac5c025acf8ed68929caa551df3" "generate-lockfile" "--manifest-path" "Cargo.toml" "-Zno-index-update", kill_on_drop: false }`
[INFO] running `Command { std: "/workspace/cargo-home/bin/cargo" "+cfbc6d4cf1acbac5c025acf8ed68929caa551df3" "fetch" "--locked" "--manifest-path" "Cargo.toml", kill_on_drop: false }`
[INFO] running `Command { std: "docker" "create" "-v" "/var/lib/crater-agent-workspace/builds/worker-5/target:/opt/rustwide/target:rw,Z" "-v" "/var/lib/crater-agent-workspace/builds/worker-5/source:/opt/rustwide/workdir:ro,Z" "-v" "/var/lib/crater-agent-workspace/cargo-home:/opt/rustwide/cargo-home:ro,Z" "-v" "/var/lib/crater-agent-workspace/rustup-home:/opt/rustwide/rustup-home:ro,Z" "-e" "SOURCE_DIR=/opt/rustwide/workdir" "-e" "CARGO_TARGET_DIR=/opt/rustwide/target" "-e" "CARGO_HOME=/opt/rustwide/cargo-home" "-e" "RUSTUP_HOME=/opt/rustwide/rustup-home" "-w" "/opt/rustwide/workdir" "-m" "1610612736" "--user" "0:0" "--network" "none" "rustops/crates-build-env@sha256:a636fd89d022f18117e1dc8fb37a0a009933cdbbe082814857f0e2024962d47c" "/opt/rustwide/cargo-home/bin/cargo" "+cfbc6d4cf1acbac5c025acf8ed68929caa551df3" "metadata" "--no-deps" "--format-version=1", kill_on_drop: false }`
[INFO] [stdout] 9aec16f765661eda92c5b9b1a074e5502ee4990c86b8051d3a4c9262ac940b33
[INFO] [stderr] WARNING: Your kernel does not support swap limit capabilities or the cgroup is not mounted. Memory limited without swap.
[INFO] running `Command { std: "docker" "start" "-a" "9aec16f765661eda92c5b9b1a074e5502ee4990c86b8051d3a4c9262ac940b33", kill_on_drop: false }`
[INFO] running `Command { std: "docker" "inspect" "9aec16f765661eda92c5b9b1a074e5502ee4990c86b8051d3a4c9262ac940b33", kill_on_drop: false }`
[INFO] running `Command { std: "docker" "rm" "-f" "9aec16f765661eda92c5b9b1a074e5502ee4990c86b8051d3a4c9262ac940b33", kill_on_drop: false }`
[INFO] [stdout] 9aec16f765661eda92c5b9b1a074e5502ee4990c86b8051d3a4c9262ac940b33
[INFO] running `Command { std: "docker" "create" "-v" "/var/lib/crater-agent-workspace/builds/worker-5/target:/opt/rustwide/target:rw,Z" "-v" "/var/lib/crater-agent-workspace/builds/worker-5/source:/opt/rustwide/workdir:ro,Z" "-v" "/var/lib/crater-agent-workspace/cargo-home:/opt/rustwide/cargo-home:ro,Z" "-v" "/var/lib/crater-agent-workspace/rustup-home:/opt/rustwide/rustup-home:ro,Z" "-e" "SOURCE_DIR=/opt/rustwide/workdir" "-e" "CARGO_TARGET_DIR=/opt/rustwide/target" "-e" "CARGO_INCREMENTAL=0" "-e" "RUST_BACKTRACE=full" "-e" "RUSTFLAGS=--cap-lints=forbid" "-e" "CARGO_HOME=/opt/rustwide/cargo-home" "-e" "RUSTUP_HOME=/opt/rustwide/rustup-home" "-w" "/opt/rustwide/workdir" "-m" "1610612736" "--user" "0:0" "--network" "none" "rustops/crates-build-env@sha256:a636fd89d022f18117e1dc8fb37a0a009933cdbbe082814857f0e2024962d47c" "/opt/rustwide/cargo-home/bin/cargo" "+cfbc6d4cf1acbac5c025acf8ed68929caa551df3" "check" "--frozen" "--all" "--all-targets" "--message-format=json", kill_on_drop: false }`
[INFO] [stdout] da9764ce2e02798caddb5b28d38ffddbb1a49fd4a8ebf21407d1448631f8d4ae
[INFO] [stderr] WARNING: Your kernel does not support swap limit capabilities or the cgroup is not mounted. Memory limited without swap.
[INFO] running `Command { std: "docker" "start" "-a" "da9764ce2e02798caddb5b28d38ffddbb1a49fd4a8ebf21407d1448631f8d4ae", kill_on_drop: false }`
[INFO] [stderr]    Compiling typenum v1.12.0
[INFO] [stderr]     Checking generic-array v0.14.4
[INFO] [stderr]     Checking universal-hash v0.4.0
[INFO] [stderr]     Checking poly1305 v0.6.0 (/opt/rustwide/workdir)
[INFO] [stdout] error[E0554]: `#![feature]` may not be used on the beta release channel
[INFO] [stdout]  --> benches/poly1305.rs:1:1
[INFO] [stdout]   |
[INFO] [stdout] 1 | #![feature(test)]
[INFO] [stdout]   | ^^^^^^^^^^^^^^^^^
[INFO] [stdout] 
[INFO] [stdout] 
[INFO] [stdout] error[E0599]: no function or associated item named `new` found for struct `poly1305::Poly1305` in the current scope
[INFO] [stdout]   --> benches/poly1305.rs:14:35
[INFO] [stdout]    |
[INFO] [stdout] 14 |             let mut m = Poly1305::new(&key);
[INFO] [stdout]    |                                   ^^^ function or associated item not found in `poly1305::Poly1305`
[INFO] [stdout] ...
[INFO] [stdout] 26 | bench!(bench1_10, 10);
[INFO] [stdout]    | ---------------------- in this macro invocation
[INFO] [stdout]    |
[INFO] [stdout]    = help: items from traits can only be used if the trait is in scope
[INFO] [stdout]    = note: this error originates in a macro (in Nightly builds, run with -Z macro-backtrace for more info)
[INFO] [stdout] help: the following trait is implemented but not in scope; perhaps add a `use` for it:
[INFO] [stdout]    |
[INFO] [stdout] 5  | use poly1305::universal_hash::NewUniversalHash;
[INFO] [stdout]    |
[INFO] [stdout] 
[INFO] [stdout] 
[INFO] [stdout] error[E0599]: no function or associated item named `new` found for struct `poly1305::Poly1305` in the current scope
[INFO] [stdout]   --> benches/poly1305.rs:14:35
[INFO] [stdout]    |
[INFO] [stdout] 14 |             let mut m = Poly1305::new(&key);
[INFO] [stdout]    |                                   ^^^ function or associated item not found in `poly1305::Poly1305`
[INFO] [stdout] ...
[INFO] [stdout] 27 | bench!(bench2_100, 100);
[INFO] [stdout]    | ------------------------ in this macro invocation
[INFO] [stdout]    |
[INFO] [stdout]    = help: items from traits can only be used if the trait is in scope
[INFO] [stdout]    = note: this error originates in a macro (in Nightly builds, run with -Z macro-backtrace for more info)
[INFO] [stdout] help: the following trait is implemented but not in scope; perhaps add a `use` for it:
[INFO] [stdout]    |
[INFO] [stdout] 5  | use poly1305::universal_hash::NewUniversalHash;
[INFO] [stdout]    |
[INFO] [stdout] 
[INFO] [stdout] 
[INFO] [stdout] error[E0599]: no function or associated item named `new` found for struct `poly1305::Poly1305` in the current scope
[INFO] [stdout]   --> benches/poly1305.rs:14:35
[INFO] [stdout]    |
[INFO] [stdout] 14 |             let mut m = Poly1305::new(&key);
[INFO] [stdout]    |                                   ^^^ function or associated item not found in `poly1305::Poly1305`
[INFO] [stdout] ...
[INFO] [stdout] 28 | bench!(bench3_1000, 1000);
[INFO] [stdout]    | -------------------------- in this macro invocation
[INFO] [stdout]    |
[INFO] [stdout]    = help: items from traits can only be used if the trait is in scope
[INFO] [stdout]    = note: this error originates in a macro (in Nightly builds, run with -Z macro-backtrace for more info)
[INFO] [stdout] help: the following trait is implemented but not in scope; perhaps add a `use` for it:
[INFO] [stdout]    |
[INFO] [stdout] 5  | use poly1305::universal_hash::NewUniversalHash;
[INFO] [stdout]    |
[INFO] [stdout] 
[INFO] [stdout] 
[INFO] [stdout] error[E0599]: no function or associated item named `new` found for struct `poly1305::Poly1305` in the current scope
[INFO] [stdout]   --> benches/poly1305.rs:14:35
[INFO] [stdout]    |
[INFO] [stdout] 14 |             let mut m = Poly1305::new(&key);
[INFO] [stdout]    |                                   ^^^ function or associated item not found in `poly1305::Poly1305`
[INFO] [stdout] ...
[INFO] [stdout] 29 | bench!(bench3_10000, 10000);
[INFO] [stdout]    | ---------------------------- in this macro invocation
[INFO] [stdout]    |
[INFO] [stdout]    = help: items from traits can only be used if the trait is in scope
[INFO] [stdout]    = note: this error originates in a macro (in Nightly builds, run with -Z macro-backtrace for more info)
[INFO] [stdout] help: the following trait is implemented but not in scope; perhaps add a `use` for it:
[INFO] [stdout]    |
[INFO] [stdout] 5  | use poly1305::universal_hash::NewUniversalHash;
[INFO] [stdout]    |
[INFO] [stdout] 
[INFO] [stdout] 
[INFO] [stdout] warning: unused import: `universal_hash::UniversalHash`
[INFO] [stdout]  --> benches/poly1305.rs:5:16
[INFO] [stdout]   |
[INFO] [stdout] 5 | use poly1305::{universal_hash::UniversalHash, Poly1305};
[INFO] [stdout]   |                ^^^^^^^^^^^^^^^^^^^^^^^^^^^^^
[INFO] [stdout]   |
[INFO] [stdout]   = note: `#[warn(unused_imports)]` on by default
[INFO] [stdout] 
[INFO] [stdout] 
[INFO] [stdout] error: aborting due to 5 previous errors; 1 warning emitted
[INFO] [stdout] 
[INFO] [stdout] 
[INFO] [stdout] Some errors have detailed explanations: E0554, E0599.
[INFO] [stdout] 
[INFO] [stdout] For more information about an error, try `rustc --explain E0554`.
[INFO] [stdout] 
[INFO] [stderr] error: could not compile `poly1305`.
[INFO] [stderr] 
[INFO] [stderr] To learn more, run the command again with --verbose.
[INFO] [stderr] warning: build failed, waiting for other jobs to finish...
[INFO] [stderr] error: build failed
[INFO] running `Command { std: "docker" "inspect" "da9764ce2e02798caddb5b28d38ffddbb1a49fd4a8ebf21407d1448631f8d4ae", kill_on_drop: false }`
[INFO] running `Command { std: "docker" "rm" "-f" "da9764ce2e02798caddb5b28d38ffddbb1a49fd4a8ebf21407d1448631f8d4ae", kill_on_drop: false }`
[INFO] [stdout] da9764ce2e02798caddb5b28d38ffddbb1a49fd4a8ebf21407d1448631f8d4ae
